composite?
True
Is 99040699 composite?
True
Is 112086851 a prime number?
True
Is 12095539 composite?
True
Is 167508877 a prime number?
False
Is 10205207 composite?
False
Is 76305553 prime?
True
Is 21341687 prime?
True
Is 8878921 composite?
False
Is 49450543 composite?
False
Is 6358243 composite?
True
Is 36777311 prime?
False
Is 77900457 composite?
True
Is 146271469 a composite number?
False
Is 1813693 a prime number?
False
Is 2726657 composite?
False
Is 971899 a composite number?
False
Is 1273007 composite?
True
Is 197160049 prime?
True
Is 367853 composite?
False
Is 219697789 prime?
True
Is 1249559 a prime number?
True
Is 49343719 prime?
True
Is 425944601 composite?
False
Is 26481887 prime?
True
Is 606877 composite?
True
Is 193688251 a composite number?
True
Is 41031719 prime?
False
Is 158811779 composite?
True
Is 423323081 prime?
True
Is 7906117 composite?
False
Is 17965453 composite?
True
Is 3452773 composite?
False
Is 2353591 a composite number?
False
Is 2517373 composite?
True
Is 7013423 prime?
True
Is 199989127 a prime number?
False
Is 16525039 a composite number?
False
Is 9571169 prime?
True
Is 3320129 a prime number?
True
Is 3982157 composite?
False
Is 3214303 a prime number?
False
Is 6004745 composite?
True
Is 6720887 composite?
False
Is 132681569 a composite number?
False
Is 7064039 a prime number?
True
Is 3144965 prime?
False
Is 12752269 a prime number?
False
Is 4981123 a prime number?
False
Is 14292865 a prime number?
False
Is 78077 a composite number?
True
Is 87104183 composite?
False
Is 10976291 composite?
True
Is 5235107 composite?
True
Is 4760839 composite?
True
Is 5802421 prime?
True
Is 674117 prime?
True
Is 105798887 a prime number?
True
Is 6447409 a composite number?
True
Is 94593337 a composite number?
False
Is 20998673 prime?
True
Is 395120318 a prime number?
False
Is 41903467 a prime number?
True
Is 1617041 prime?
False
Is 703999787 a prime number?
True
Is 15032111 composite?
True
Is 10199113 prime?
True
Is 2405287 a composite number?
True
Is 4975735 composite?
True
Is 146804821 a composite number?
False
Is 153355693 a composite number?
True
Is 6373459 a prime number?
True
Is 3312139 prime?
True
Is 1397509 prime?
True
Is 1114931 prime?
True
Is 2245721 a prime number?
True
Is 49989454 a prime number?
False
Is 2050483 a prime number?
False
Is 57445543 a composite number?
True
Is 13742291 prime?
False
Is 41112991 prime?
True
Is 153864577 composite?
False
Is 381567 composite?
True
Is 5869067 composite?
False
Is 7233079 prime?
False
Is 28296431 a composite number?
True
Is 613021219 a prime number?
True
Is 99128501 a prime number?
True
Is 10054073 prime?
False
Is 5910833 prime?
False
Is 1070393 a prime number?
False
Is 5945299 a composite number?
False
Is 79747847 composite?
True
Is 178291 a prime number?
False
Is 87481319 a prime number?
True
Is 153803337 a composite number?
True
Is 12304001 composite?
True
Is 3229503 composite?
True
Is 257039 a composite number?
True
Is 182559485 composite?
True
Is 96841363 prime?
True
Is 21175093 composite?
True
Is 42725435 a composite number?
True
Is 4084057 a composite number?
False
Is 2099765 a prime number?
False
Is 100884251 composite?
True
Is 2699959 composite?
True
Is 2258419 a composite number?
False
Is 1693079 a composite number?
True
Is 914933 a prime number?
False
Is 3470899 prime?
False
Is 2405099 a composite number?
True
Is 1818833 a prime number?
True
Is 7468193 a prime number?
False
Is 8109887 a prime number?
True
Is 2807153 composite?
True
Is 71481091 composite?
True
Is 859431773 prime?
True
Is 10182173 a prime number?
True
Is 44591933 a prime number?
True
Is 302647 composite?
False
Is 429232777 prime?
True
Is 121133 composite?
True
Is 75990047 a prime number?
False
Is 2673085 composite?
True
Is 10425089 prime?
True
Is 26295709 a composite number?
True
Is 5384833 a composite number?
False
Is 5022322 composite?
True
Is 23844113 prime?
True
Is 269769767 prime?
False
Is 24046927 a composite number?
False
Is 48670763 a composite number?
False
Is 1430049 composite?
True
Is 663937 composite?
False
Is 5761757 prime?
False
Is 566017 a composite number?
True
Is 2268623 prime?
False
Is 59355113 prime?
False
Is 3509219 prime?
False
Is 1320859 composite?
False
Is 729358489 prime?
True
Is 77954963 composite?
True
Is 105855929 a composite number?
True
Is 7388371 prime?
True
Is 45993757 composite?
True
Is 1690780783 composite?
False
Is 2653681 a composite number?
False
Is 26789393 a composite number?
False
Is 133751 composite?
True
Is 102360601 composite?
True
Is 143028901 a prime number?
True
Is 132406601 a composite number?
False
Is 3268891 a composite number?
False
Is 2093849 prime?
False
Is 1013189 prime?
False
Is 33959489 a prime number?
False
Is 58362061 prime?
False
Is 304007389 prime?
False
Is 51081467 composite?
False
Is 34505711 a prime number?
True
Is 18114637 composite?
True
Is 1943822951 composite?
True
Is 4598998 prime?
False
Is 13641781 a prime number?
True
Is 25437883 composite?
False
Is 1700471 composite?
False
Is 18815887 a prime number?
True
Is 27133609 a prime number?
True
Is 3206317 a prime number?
False
Is 72914 a composite number?
True
Is 4940197 composite?
False
Is 4463647 composite?
False
Is 447399257 a composite number?
True
Is 1777471 prime?
False
Is 148102 a prime number?
False
Is 154821983 prime?
True
Is 84971773 composite?
True
Is 45702179 a prime number?
False
Is 2055187 prime?
True
Is 18116863 composite?
False
Is 403135483 a composite number?
True
Is 12297073 a composite number?
True
Is 179596741 a composite number?
False
Is 201731 a prime number?
True
Is 69137 prime?
False
Is 6201259 a composite number?
False
Is 7809599 a prime number?
False
Is 521988122 composite?
True
Is 340743691 prime?
False
Is 1207803 composite?
True
Is 238153 a composite number?
True
Is 10748737 composite?
True
Is 193458583 a composite number?
True
Is 1772753 a composite number?
True
Is 167817427 composite?
False
Is 5595349 a prime number?
True
Is 11758087 a composite number?
True
Is 1007378159 a composite number?
True
Is 31816249 composite?
True
Is 3187469 a composite number?
False
Is 31068343 composite?
True
Is 66417851 composite?
True
Is 1196333 prime?
False
Is 72597359 a composite number?
True
Is 21405845 composite?
True
Is 12835171 composite?
True
Is 47088143 a prime number?
True
Is 50293807 a composite number?
True
Is 680861 a composite number?
False
Is 120355007 prime?
True
Is 65127787 composite?
False
Is 43087439 a prime number?
True
Is 1320507821 a prime number?
True
Is 53994439 a composite number?
True
Is 39499 composite?
False
Is 3999613 composite?
True
Is 10800857 a composite number?
False
Is 1179307 composite?
True
Is 99367 composite?
False
Is 1486321 a composite number?
False
Is 6560039 a prime number?
True
Is 5758999 prime?
False
Is 158852227 prime?
False
Is 287047451 a composite number?
False
Is 30804679 prime?
True
Is 40870133 a composite number?
True
Is 54067987 a prime number?
True
Is 11275489 a prime number?
False
Is 13198573 prime?
False
Is 241162703 a composite number?
False
Is 70817939 a composite number?
False
Is 11281291 a composite number?
True
Is 21996047 a composite number?
True
Is 43891709 composite?
False
Is 8661167 a prime number?
False
Is 276942674 a prime number?
False
Is 20531347 a composite number?
False
Is 6208733 prime?
True
Is 31820681 a prime number?
False
Is 19585169 composite?
False
Is 4210411 a composite number?
False
Is 49196077 a composite number?
True
Is 468978637 prime?
True
Is 112894959 prime?
False
Is 93787979 a composite number?
False
Is 65415551 a prime number?
False
Is 1741969 prime?
True
Is 370661 composite?
False
Is 5955043 composite?
False
Is 1393097 composite?
False
Is 72441767 composite?
False
Is 29196709 a composite number?
True
Is 42607342 composite?
True
Is 724393 a prime number?
True
Is 284442927 prime?
False
Is 25454833 prime?
True
Is 872617 prime?
False
Is 3985519 prime?
True
Is 4214927 composite?
True
Is 318491 a prime number?
False
Is 1592609 prime?
True
Is 221360333 composite?
True
Is 244627 prime?
False
Is 609233929 prime?
True
Is 3307963 prime?
False
Is 64962847 prime?
False
Is 32708173 prime?
True
Is 431944451 a prime number?
False
Is 31449491 a prime number?
False
Is 24347641 a prime number?
False
Is 1188215113 co